hen p(-5) is divided by 74.
67
Let z(p) = 2*p**2 - 17*p - 5. Let m(d) = d**2 + 10*d - 2. Let h be m(-11). Let j be z(h). Suppose -2*r + 48 = j*r. What is the remainder when r is divided by 5?
3
Suppose 0*c = -5*c - 3710. Let r(p) = -p**2 + 277. Let v be r(17). Calculate the remainder when 38 is divided by (c/(-8))/7 - (-3)/v.
12
Suppose 4*m - 5*m = -8. Suppose -2*b + 4*n - m = 6, -5 = b - 4*n. Let x(w) = -18*w - 51. What is the remainder when x(b) is divided by 29?
24
Let g(w) = 186*w + 2110. Calculate the remainder when 4606 is divided by g(-11).
62
Let i(q) = 76*q - 442. Calculate the remainder when i(12) is divided by 61.
43
Let h(d) = -d**2 - 120*d + 2406. What is the remainder when 2119 is divided by h(17)?
40
Let w = -9449 - -9587. Calculate the remainder when 816 is divided by w.
126
Let f = -1435 - -1618. What is the remainder when f is divided by 29?
9
What is the remainder when (1 - 6594/(-70))*20 is divided by 380?
4
Suppose 9*o = 132 + 993. Calculate the remainder when o is divided by 22.
15
Let m be -4 - 28/(-4) - 0. Suppose 0 = m*g - 231 + 72. Suppose 42*u - 118 - 344 = 0. Calculate the remainder when g is divided by u.
9
Let c be 125/(((-99)/72)/(-11)). Let f = c - 988. Let d(s) = -s**3 + 9*s**2 - 5. What is the remainder when d(5) is divided by f?
11
Let c be 2*-25*(-41 + 7). Suppose -5*f + c = 1115. What is the remainder when f is divided by 0 + 1 - -1 - -15?
15
Suppose -41 = -5*f + 54. Let t = 32 - f. Let b = 2 + t. Calculate the remainder when 86 is divided by b.
11
Let z(u) = -36*u - 457. Calculate the remainder when 73 is divided by z(-14).
26
Let p = -45 - -112. Let x(y) = y + 23. Let w be x(4). Suppose -36*m + 216 = -w*m. What is the remainder when p is divided by m?
19
Suppose 5*t = -3*j + 159, 2*t - 43 = 3*j + 29. Let d = -18 + 114. What is the remainder when d is divided by t?
30
What is the remainder when ((-3380)/195)/(4/(-138)) is divided by 99?
4
Let f(d) = 25*d + 8. Let v be f(-2). Let x = 44 + v. Suppose 4*l + 87 = 4*j + 19, -x*j - 4*l = -10. Calculate the remainder when 50 is divided by j.
11
Suppose 2 = -2*o - 2. Let m(p) = -p**2 + 176*p - 2697. Let l be m(159). What is the remainder when l - -82 - (-2)/o is divided by 45?
42
Suppose -796 = -3*s + 83. Suppose -13*u + s = -175. Calculate the remainder when 98 is divided by u.
26
Let q be (-536)/(-6) - (-4)/(-12). Let m = q + -65. What is the remainder when 46 is divided by m?
22
Suppose -3*v + 5 - 17 = 0. Let y(a) = -2*a**3 - 7*a**2 - 4*a + 4. Let f be y(v). Let g = f + 3. Calculate the remainder when g is divided by 8.
7
Suppose 2*m + 5*b = 1409, -6*m - 2778 = -10*m - 2*b. Calculate the remainder when m is divided by 86.
4
Let j = -10778 - -11585. What is the remainder when j is divided by 2?
1
Let m = 61844 + -61725. Calculate the remainder when m is divided by (-203)/(-5) + 2/5.
37
Let x(g) be the first derivative of g**2/2 + 61*g + 76. What is the remainder when x(0) is divided by 14?
5
Suppose -55*f + 141 = 4*k - 60*f, 4*k = -5*f + 171. Suppose -4*m - 5*n = -k - 11, -m + 3*n = -21. What is the remainder when 59 is divided by m?
14
Let x(o) = o**2 + 46*o - 2048. Calculate the remainder when 111 is divided by x(28).
15
Let n be (-2)/8 - (-5)/((-80)/(-308)). Suppose -n*r - 14 = -20*r. Calculate the remainder when 19 is divided by (-1)/(((-4)/2)/r).
5
Let n(v) = -2*v**3 - v**2 + 2*v + 1. Let g be n(-2). Suppose -26 = -r + g. Suppose -100*l = -89*l - 143. Calculate the remainder when r is divided by l.
9
What is the remainder when (-107711)/(-23) + 11*30/(-3795) is divided by 16?
11
Let c = -166 + 181. Let b(m) = 5*m**2 - 5*m + 15. What is the remainder when b(3) is divided by c?
0
Let p be (90/(-20))/((-6)/(-32)). Calculate the remainder when (-3)/p + 645/24 is divided by ((-3 + (-20)/(-8))*34)/(-1).
10
Let b(k) = -k**2 - 17*k - 29. Suppose -282 = -2*z - s, 5*s - 193 - 507 = -5*z. Calculate the remainder when z is divided by b(-14).
12
Suppose 6 = 2*q - 4, 0 = -g - 4*q + 30. Let l(m) = 64*m + 47. Calculate the remainder when l(g) is divided by 53.
51
Let h(i) = i**2 + 6*i + 10. Let b = 30 - 37. What is the remainder when h(b) is divided by (-6 - 312/(-20)) + (-3)/5?
8
Let n(a) = -12*a + 394. Calculate the remainder when n(25) is divided by 6/4 + 45/2.
22
Let d = -121 + 128. Suppose 32 + 31 = d*t. Calculate the remainder when 193 is divided by t.
4
Let z = 28 - 26. Suppose -i - 4*b = 1 + 74, -z*i - 168 = 2*b. Let o = -38 - i. Calculate the remainder when o is divided by 26.
23
Suppose 2*l + 32 = 4*l. Suppose 42 = 2*m + h, 0*m - 2*h = -m + l. Let o(c) = c**2 + 3*c + 18. What is the remainder when o(-6) is divided by m?
16
Let r = -18 - -17. Calculate the remainder when 81 is divided by (r - 175/20)/((-1)/4).
3
Let i = 156 - 149. Let s(f) = -f**3 + 28*f**2 + 2*f - 23. What is the remainder when s(28) is divided by i?
5
Suppose -2*q + 26 = 16. Suppose 96 - 156 = -q*j. What is the remainder when 47 is divided by j?
11
Let a = 566 - -4711. Calculate the remainder when a is divided by 33.
30
Let f(s) = 286*s - 11278. Calculate the remainder when 930 is divided by f(40).
120
Suppose -6*z + 5574 = 3666. Calculate the remainder when 644 is divided by z.
8
Calculate the remainder when (-610)/244 - 19206/(-4) is divided by 14.
11
Let l be ((-156)/(-429))/((-4)/(-9746)). Suppose 1036 = 6*p + l. Calculate the remainder when (-1 + -141)*(-1)/2 is divided by p.
21
Suppose 0 = 271*x - 288*x + 3332. Calculate the remainder when x is divided by 116.
80
Suppose 28621 + 19559 = 66*z. Calculate the remainder when z is divided by 729.
1
Suppose -m + 205 = 5*w + m, 4*m + 149 = 3*w. Suppose 0 = -28*q + 11712 - 10501 + 30065. Calculate the remainder when q is divided by w.
42
Suppose m - 435 = -3*z, -5*z + 183 = 4*m - 1529. What is the remainder when 438 is divided by m?
15
Calculate the remainder when (-4)/(-12)*9 - -5958 is divided by 4.
1
Suppose 28*g + 10*g - 190 = 0. What is the remainder when 934 is divided by g?
4
Calculate the remainder when 1808 is divided by (94/(-235) + (-183)/5)*(-4 - -3).
32
Suppose 729 = -77*a + 8565 + 8257. Calculate the remainder when 3338 is divided by a.
203
Suppose q = -k - 261, k + 7*q = 3*q - 264. Let c = -27 - k. What is the remainder when c is divided by 47?
45
Let r = 35019 + -34019. Calculate the remainder when r is divided by 151.
94
Suppose -25*n + 12 = -23*n. Suppose -3*j + 32 = -2*g + n*g, -j = 5*g - 29. Suppose g*a = 2*a + 192. Calculate the remainder when a is divided by 11.
9
Suppose -u + 5*g + 430 + 291 = 0, 0 = -u - 5*g + 701. What is the remainder when u is divided by 192?
135
Suppose -5*h - 81 = -c, -79*c + 83*c - 5*h = 249. Calculate the remainder when 75 is divided by c.
19
Let o = 336 + -89. Calculate the remainder when o is divided by 46.
17
Let w(v) = 2*v**2 - 13*v - 1. Let y = 8 - -36. Let x = 69 - y. What is the remainder when w(11) is divided by x?
23
Let j = -62 + 77. Suppose 0 = 5*g + t - j - 1, 3*g + 3*t = 12. Suppose g*p - 202 = p. What is the remainder when p is divided by 34?
33
Suppose 9*l - l = 1240. Let q = l + -55. What is the remainder when q is divided by 17?
15
Suppose 5*p - 4*w = 106, -5*w - 42 = 5*p - 157. Let y = 88 - 40. Calculate the remainder when y is divided by p.
4
Let o(d) = 2*d**2 + 4. Let l(u) = 70*u**2 - 1. Let g(p) = 4*p**2 - 42*p + 19. Let f be g(10). What is the remainder when l(f) is divided by o(4)?
33
Suppose 23*q + 499 = 29879 + 1049. Calculate the remainder when q is divided by 39.
36
Let y = 11307 - 10470. Calculate the remainder when y is divided by 24.
21
Suppose -128*m + 7704 = -124*m. What is the remainder when m is divided by 43?
34
Let d = 3 + -2. Suppose -19*k + 1020 = -2780. Let c = -194 + k. Calculate the remainder when c is divided by d.
0
Calculate the remainder when (-5 - (-2312)/16)/(12/32) is divided by 22.
20
Suppose 56*g = 61*g + 10, -b + 2059 = -4*g. What is the remainder when b is divided by 26?
23
Suppose -2302*i + 2312*i = 23340. Calculate the remainder when i is divided by 19.
16
Let w be (-2 - 0)*(-11)/(22/32). Let c(u) = -u**2 + w*u + 34*u - 44*u - 51. What is the remainder when 33 is divided by c(19)?
3
Suppose -f + 3 = -111. Suppose -115*b + 155 = -f*b. What is the remainder when b is divided by 26?
25
Suppose 6*q = 3*q - 69. Let t(n) = -n**2 + 4*n - 6. Let v be